{"id":2598,"date":"2024-03-28T16:56:53","date_gmt":"2024-03-28T15:56:53","guid":{"rendered":"https:\/\/lusine.org\/?page_id=2598"},"modified":"2024-05-16T15:34:07","modified_gmt":"2024-05-16T13:34:07","slug":"01-la-philosophie-de-lusine","status":"publish","type":"page","link":"https:\/\/lusine.org\/index.php\/01-la-maison-de-la-nature\/01-la-philosophie-de-lusine\/","title":{"rendered":"LA PHILOSOPHIE DE L&rsquo;USINE"},"content":{"rendered":"\n<style type=\"text\/css\" data-created_by=\"avia_inline_auto\" id=\"style-css-av-ythgm-f88646351d236bfa532d6193c935eb65\">\n.avia-section.av-ythgm-f88646351d236bfa532d6193c935eb65{\nbackground-repeat:no-repeat;\nbackground-image:url(https:\/\/lusine.org\/wp-content\/uploads\/2024\/04\/9598256-1.jpg);\nbackground-position:0% 0%;\nbackground-attachment:scroll;\n}\n<\/style>\n<div id='av_section_1'  class='avia-section av-ythgm-f88646351d236bfa532d6193c935eb65 main_color avia-section-default avia-no-border-styling  avia-builder-el-0  avia-builder-el-no-sibling  avia-bg-style-scroll container_wrap sidebar_right'  data-section-bg-repeat='no-repeat'><div class='container av-section-cont-open' ><main  role=\"main\" itemprop=\"mainContentOfPage\"  class='template-page content  av-content-small alpha units'><div class='post-entry post-entry-type-page post-entry-2598'><div class='entry-content-wrapper clearfix'>\n<section  class='av_textblock_section av-lumjnzlz-176d713dff33743e5e5ac0905e759793 '   itemscope=\"itemscope\" itemtype=\"https:\/\/schema.org\/CreativeWork\" ><div class='avia_textblock'  itemprop=\"text\" ><p style=\"text-align: center;\"><span style=\"color: #000000;\"><strong>La philosophie de L&rsquo;Usine<br \/>\n<\/strong><\/span><\/p>\n<\/div><\/section>\n\n<style type=\"text\/css\" data-created_by=\"avia_inline_auto\" id=\"style-css-av-lumj1ejr-35b4ce4911a5bf78b2ff8e9dc27eac9a\">\n#top .hr.av-lumj1ejr-35b4ce4911a5bf78b2ff8e9dc27eac9a{\nmargin-top:30px;\nmargin-bottom:30px;\n}\n.hr.av-lumj1ejr-35b4ce4911a5bf78b2ff8e9dc27eac9a .hr-inner{\nwidth:50px;\nmax-width:45%;\n}\n<\/style>\n<div  class='hr av-lumj1ejr-35b4ce4911a5bf78b2ff8e9dc27eac9a hr-custom  avia-builder-el-2  el_after_av_textblock  el_before_av_one_full  hr-center hr-icon-yes'><span class='hr-inner inner-border-av-border-thin'><span class=\"hr-inner-style\"><\/span><\/span><span class='av-seperator-icon avia-iconfont avia-font-entypo-fontello' data-av_icon='\ue834' data-av_iconfont='entypo-fontello' ><\/span><span class='hr-inner inner-border-av-border-thin'><span class=\"hr-inner-style\"><\/span><\/span><\/div>\n\n<style type=\"text\/css\" data-created_by=\"avia_inline_auto\" id=\"style-css-av-5w6y06-a76997b6facae5314585155730925744\">\n.flex_column.av-5w6y06-a76997b6facae5314585155730925744{\nborder-radius:0px 0px 0px 0px;\npadding:0px 0px 0px 0px;\n}\n<\/style>\n<div  class='flex_column av-5w6y06-a76997b6facae5314585155730925744 av_one_full  avia-builder-el-3  el_after_av_hr  el_before_av_one_fifth  first flex_column_div av-zero-column-padding  '     ><style type=\"text\/css\" data-created_by=\"avia_inline_auto\" id=\"style-css-av-8664ae-3ea6598402e4750e0ee484e513006217\">\n#top .av-special-heading.av-8664ae-3ea6598402e4750e0ee484e513006217{\npadding-bottom:10px;\nfont-size:50px;\n}\nbody .av-special-heading.av-8664ae-3ea6598402e4750e0ee484e513006217 .av-special-heading-tag .heading-char{\nfont-size:25px;\n}\n#top #wrap_all .av-special-heading.av-8664ae-3ea6598402e4750e0ee484e513006217 .av-special-heading-tag{\nfont-size:50px;\n}\n.av-special-heading.av-8664ae-3ea6598402e4750e0ee484e513006217 .av-subheading{\nfont-size:15px;\n}\n\n@media only screen and (min-width: 480px) and (max-width: 767px){ \n#top #wrap_all .av-special-heading.av-8664ae-3ea6598402e4750e0ee484e513006217 .av-special-heading-tag{\nfont-size:0.8em;\n}\n}\n\n@media only screen and (max-width: 479px){ \n#top #wrap_all .av-special-heading.av-8664ae-3ea6598402e4750e0ee484e513006217 .av-special-heading-tag{\nfont-size:0.8em;\n}\n}\n<\/style>\n<div  class='av-special-heading av-8664ae-3ea6598402e4750e0ee484e513006217 av-special-heading-h1 custom-color-heading blockquote modern-quote modern-centered  avia-builder-el-4  avia-builder-el-no-sibling  av-inherit-size'><h1 class='av-special-heading-tag '  itemprop=\"headline\"  >Changer de mod\u00e8le, changer de regard\u2026<\/h1><div class=\"special-heading-border\"><div class=\"special-heading-inner-border\"><\/div><\/div><\/div><\/div><div  class='flex_column av-iva5y-f731c4dcf817fc2504601bf4ea2ac3b8 av_one_fifth  avia-builder-el-5  el_after_av_one_full  el_before_av_three_fifth  first flex_column_div  column-top-margin'     ><\/div><div  class='flex_column av-4a9w9y-c61e4c33fee5f08d7c366e7fd4a07ff8 av_three_fifth  avia-builder-el-6  el_after_av_one_fifth  el_before_av_one_fifth  flex_column_div  column-top-margin'     ><section  class='av_textblock_section av-3ulzcm-2bc9c811e00c3072b0c6c7f4e03d977f '   itemscope=\"itemscope\" itemtype=\"https:\/\/schema.org\/CreativeWork\" ><div class='avia_textblock'  itemprop=\"text\" ><p style=\"text-align: justify;\"><strong>Dans un monde o\u00f9 la transition \u00e9cologique devient une urgence absolue, le premier engagement de la Maison de la Nature est d\u2019agir en sensibilisant aux nombreux d\u00e9fis environnementaux auxquels nous sommes confront\u00e9s, en accompagnant et en formant les familles, parents et enfants, les habitants, les visiteurs et les vacanciers, \u00e0 changer de mod\u00e8le.<\/strong><\/p>\n<p style=\"text-align: justify;\">La Maison de la Nature joue donc un r\u00f4le p\u00e9dagogique de sensibilisation \u00e0 notre territoire et \u00e0 son environnement aupr\u00e8s de tous les publics. De nombreux ateliers artistiques, des conf\u00e9rences, des expositions et des formations y seront organis\u00e9s.<\/p>\n<p style=\"text-align: justify;\">Le 2<sup>\u00e8me<\/sup> engagement r\u00e9side dans la volont\u00e9 de cr\u00e9er du lien, de favoriser les \u00e9changes, d\u2019\u00eatre un lieu de rencontres et de partage ouvert \u00e0 l\u2019ann\u00e9e, avec une offre diversifi\u00e9e : ap\u00e9ritifs, concerts th\u00e9matiques, \u00e9v\u00e8nements priv\u00e9s, rencontres et d\u00e9bats. La Maison de la Nature n\u2019est pas une offre touristique estivale \u00ab de plus \u00bb, elle est un v\u00e9ritable projet de territoire actif en toute saison.<\/p>\n<\/div><\/section><\/div><div  class='flex_column av-24a412-f0ddd1aa84886805c931844469eff686 av_one_fifth  avia-builder-el-8  el_after_av_three_fifth  el_before_av_hr  flex_column_div  column-top-margin'     ><\/div>\n<style type=\"text\/css\" data-created_by=\"avia_inline_auto\" id=\"style-css-av-2wx286-02dc0c9afd0bc042f53d9fbf5f19e00a\">\n#top .hr.hr-invisible.av-2wx286-02dc0c9afd0bc042f53d9fbf5f19e00a{\nheight:40px;\n}\n<\/style>\n<div  class='hr av-2wx286-02dc0c9afd0bc042f53d9fbf5f19e00a hr-invisible  avia-builder-el-9  el_after_av_one_fifth  el_before_av_image_diff '><span class='hr-inner '><span class=\"hr-inner-style\"><\/span><\/span><\/div>\n\n<style type=\"text\/css\" data-created_by=\"avia_inline_auto\" id=\"style-css-av-lumiw2h4-92583c1d7740c3a49209ed99f024c105\">\n.avia-image-diff-container.av-lumiw2h4-92583c1d7740c3a49209ed99f024c105 .av-image-diff-handle{\nbox-shadow:0 0 12px #353535;\n}\n.avia-image-diff-container.av-lumiw2h4-92583c1d7740c3a49209ed99f024c105 .av-image-diff-handle:before{\nbox-shadow:0 3px 0 #fff, 0px 0px 12px #353535;\n}\n.avia-image-diff-container.av-lumiw2h4-92583c1d7740c3a49209ed99f024c105 .av-image-diff-handle:after{\nbox-shadow:0 3px 0 #fff, 0px 0px 12px #353535;\n}\n.avia-image-diff-container.av-lumiw2h4-92583c1d7740c3a49209ed99f024c105 .av-image-diff-handle .av-handle-left-arrow{\nborder-right-color:#474747;\n}\n.avia-image-diff-container.av-lumiw2h4-92583c1d7740c3a49209ed99f024c105 .av-image-diff-handle .av-handle-right-arrow{\nborder-left-color:#474747;\n}\n<\/style>\n<div  class='avia-image-diff-container av-lumiw2h4-92583c1d7740c3a49209ed99f024c105 av-handle-vertical av-handle-circle av-handle-border btn-style-rounded av-line-default av-animated-diff-img fade-in av-animated-when-almost-visible avia-align-center  avia-builder-el-10  el_after_av_hr  el_before_av_hr ' data-image_diff=\"{&quot;drag_start&quot;:&quot;&quot;}\"  itemprop=\"image\" itemscope=\"itemscope\" itemtype=\"https:\/\/schema.org\/ImageObject\" ><div class=\"av-image-diff-wrapper\"><img decoding=\"async\" loading=\"lazy\" class='wp-image-2863 avia-img-lazy-loading-2863 avia_image av-img-before ' src=\"https:\/\/lusine.org\/wp-content\/uploads\/2024\/04\/1-1030x687.jpg\" alt='' title='1'  height=\"687\" width=\"1030\"  itemprop=\"thumbnailUrl\" srcset=\"https:\/\/lusine.org\/wp-content\/uploads\/2024\/04\/1-1030x687.jpg 1030w, https:\/\/lusine.org\/wp-content\/uploads\/2024\/04\/1-300x200.jpg 300w, https:\/\/lusine.org\/wp-content\/uploads\/2024\/04\/1-768x513.jpg 768w, https:\/\/lusine.org\/wp-content\/uploads\/2024\/04\/1-705x470.jpg 705w, https:\/\/lusine.org\/wp-content\/uploads\/2024\/04\/1.jpg 1500w\" sizes=\"auto, (max-width: 1030px) 100vw, 1030px\" \/><img decoding=\"async\" loading=\"lazy\" class='wp-image-2864 avia-img-lazy-loading-2864 avia_image av-img-after' src=\"https:\/\/lusine.org\/wp-content\/uploads\/2024\/04\/2-1030x687.jpg\" alt='' title='2'  height=\"687\" width=\"1030\"  itemprop=\"thumbnailUrl\" srcset=\"https:\/\/lusine.org\/wp-content\/uploads\/2024\/04\/2-1030x687.jpg 1030w, https:\/\/lusine.org\/wp-content\/uploads\/2024\/04\/2-300x200.jpg 300w, https:\/\/lusine.org\/wp-content\/uploads\/2024\/04\/2-768x513.jpg 768w, https:\/\/lusine.org\/wp-content\/uploads\/2024\/04\/2-705x470.jpg 705w, https:\/\/lusine.org\/wp-content\/uploads\/2024\/04\/2.jpg 1500w\" sizes=\"auto, (max-width: 1030px) 100vw, 1030px\" \/><div class=\"av-image-diff-overlay\"><span class=\"av-img-diff-label label-before\">Avant<\/span><span class=\"av-img-diff-label label-after\">Apr\u00e8s<\/span><\/div><div class=\"av-image-diff-handle\"><span class=\"av-handle-arrow av-handle-left-arrow\"><\/span><span class=\"av-handle-arrow av-handle-right-arrow\"><\/span><\/div><\/div><\/div>\n\n<style type=\"text\/css\" data-created_by=\"avia_inline_auto\" id=\"style-css-av-257rg6-6a3d9bc5b08de6db73f083c5974aa610\">\n#top .hr.hr-invisible.av-257rg6-6a3d9bc5b08de6db73f083c5974aa610{\nheight:60px;\n}\n<\/style>\n<div  class='hr av-257rg6-6a3d9bc5b08de6db73f083c5974aa610 hr-invisible  avia-builder-el-11  el_after_av_image_diff  avia-builder-el-last '><span class='hr-inner '><span class=\"hr-inner-style\"><\/span><\/span><\/div>\n<\/div><\/div><\/main><!-- close content main element --><\/div><\/div><div id='after_section_1'  class='main_color av_default_container_wrap container_wrap sidebar_right'  ><div class='container av-section-cont-open' ><div class='template-page content  av-content-small alpha units'><div class='post-entry post-entry-type-page post-entry-2598'><div class='entry-content-wrapper clearfix'>\n","protected":false},"excerpt":{"rendered":"","protected":false},"author":1,"featured_media":0,"parent":2620,"menu_order":0,"comment_status":"closed","ping_status":"closed","template":"","meta":{"footnotes":""},"class_list":["post-2598","page","type-page","status-publish","hentry"],"_links":{"self":[{"href":"https:\/\/lusine.org\/index.php\/wp-json\/wp\/v2\/pages\/2598","targetHints":{"allow":["GET"]}}],"collection":[{"href":"https:\/\/lusine.org\/index.php\/wp-json\/wp\/v2\/pages"}],"about":[{"href":"https:\/\/lusine.org\/index.php\/wp-json\/wp\/v2\/types\/page"}],"author":[{"embeddable":true,"href":"https:\/\/lusine.org\/index.php\/wp-json\/wp\/v2\/users\/1"}],"replies":[{"embeddable":true,"href":"https:\/\/lusine.org\/index.php\/wp-json\/wp\/v2\/comments?post=2598"}],"version-history":[{"count":110,"href":"https:\/\/lusine.org\/index.php\/wp-json\/wp\/v2\/pages\/2598\/revisions"}],"predecessor-version":[{"id":2604,"href":"https:\/\/lusine.org\/index.php\/wp-json\/wp\/v2\/pages\/2598\/revisions\/2604"}],"up":[{"embeddable":true,"href":"https:\/\/lusine.org\/index.php\/wp-json\/wp\/v2\/pages\/2620"}],"wp:attachment":[{"href":"https:\/\/lusine.org\/index.php\/wp-json\/wp\/v2\/media?parent=2598"}],"curies":[{"name":"wp","href":"https:\/\/api.w.org\/{rel}","templated":true}]}}