{"id":2687,"date":"2024-04-02T17:33:42","date_gmt":"2024-04-02T15:33:42","guid":{"rendered":"https:\/\/lusine.org\/?page_id=2687"},"modified":"2026-04-10T10:42:46","modified_gmt":"2026-04-10T08:42:46","slug":"horaires-tarifs","status":"publish","type":"page","link":"https:\/\/lusine.org\/index.php\/localiser\/horaires-tarifs\/","title":{"rendered":"TARIFS"},"content":{"rendered":"\n<style type=\"text\/css\" data-created_by=\"avia_inline_auto\" id=\"style-css-av-foa9sv-4bea8d1188e47696b1ffca2077039e5f\">\n.avia-section.av-foa9sv-4bea8d1188e47696b1ffca2077039e5f{\nbackground-repeat:no-repeat;\nbackground-image:url(https:\/\/lusine.org\/wp-content\/uploads\/2024\/04\/9598256-1.jpg);\nbackground-position:0% 0%;\nbackground-attachment:scroll;\n}\n<\/style>\n<div id='av_section_1'  class='avia-section av-foa9sv-4bea8d1188e47696b1ffca2077039e5f main_color avia-section-default avia-no-border-styling  avia-builder-el-0  avia-builder-el-no-sibling  avia-bg-style-scroll container_wrap sidebar_right'  data-section-bg-repeat='no-repeat'><div class='container av-section-cont-open' ><main  role=\"main\" itemprop=\"mainContentOfPage\"  class='template-page content  av-content-small alpha units'><div class='post-entry post-entry-type-page post-entry-2687'><div class='entry-content-wrapper clearfix'>\n<section  class='av_textblock_section av-e2b2wv-7317fa4a60f28c0885ba08ead9560d5d '   itemscope=\"itemscope\" itemtype=\"https:\/\/schema.org\/CreativeWork\" ><div class='avia_textblock'  itemprop=\"text\" ><p style=\"text-align: center;\"><span style=\"color: #000000;\"><strong>L&rsquo;Usine &#8211; Maison de la nature<\/strong><\/span><\/p>\n<\/div><\/section>\n\n<style type=\"text\/css\" data-created_by=\"avia_inline_auto\" id=\"style-css-av-cnilan-6205cfd3c6965d5381b16dbdbb5f626d\">\n#top .hr.av-cnilan-6205cfd3c6965d5381b16dbdbb5f626d{\nmargin-top:30px;\nmargin-bottom:30px;\n}\n.hr.av-cnilan-6205cfd3c6965d5381b16dbdbb5f626d .hr-inner{\nwidth:50px;\nmax-width:45%;\n}\n<\/style>\n<div  class='hr av-cnilan-6205cfd3c6965d5381b16dbdbb5f626d hr-custom  avia-builder-el-2  el_after_av_textblock  el_before_av_one_full  hr-center hr-icon-yes'><span class='hr-inner inner-border-av-border-thin'><span class=\"hr-inner-style\"><\/span><\/span><span class='av-seperator-icon avia-iconfont avia-font-entypo-fontello' data-av_icon='\ue834' data-av_iconfont='entypo-fontello' ><\/span><span class='hr-inner inner-border-av-border-thin'><span class=\"hr-inner-style\"><\/span><\/span><\/div>\n\n<style type=\"text\/css\" data-created_by=\"avia_inline_auto\" id=\"style-css-av-b6tq9b-e386642da7e6649444f9200dbc4437d9\">\n.flex_column.av-b6tq9b-e386642da7e6649444f9200dbc4437d9{\nborder-radius:0px 0px 0px 0px;\npadding:0px 0px 0px 0px;\n}\n<\/style>\n<div  class='flex_column av-b6tq9b-e386642da7e6649444f9200dbc4437d9 av_one_full  avia-builder-el-3  el_after_av_hr  el_before_av_one_fifth  first flex_column_div av-zero-column-padding  '     ><p>\n<style type=\"text\/css\" data-created_by=\"avia_inline_auto\" id=\"style-css-av-lvdwipg3-b0867f73257e296017ca84759d255530\">\n#top .av-special-heading.av-lvdwipg3-b0867f73257e296017ca84759d255530{\npadding-bottom:10px;\nfont-size:50px;\n}\nbody .av-special-heading.av-lvdwipg3-b0867f73257e296017ca84759d255530 .av-special-heading-tag .heading-char{\nfont-size:25px;\n}\n#top #wrap_all .av-special-heading.av-lvdwipg3-b0867f73257e296017ca84759d255530 .av-special-heading-tag{\nfont-size:50px;\n}\n.av-special-heading.av-lvdwipg3-b0867f73257e296017ca84759d255530 .av-subheading{\nfont-size:15px;\n}\n\n@media only screen and (min-width: 480px) and (max-width: 767px){ \n#top #wrap_all .av-special-heading.av-lvdwipg3-b0867f73257e296017ca84759d255530 .av-special-heading-tag{\nfont-size:0.8em;\n}\n}\n\n@media only screen and (max-width: 479px){ \n#top #wrap_all .av-special-heading.av-lvdwipg3-b0867f73257e296017ca84759d255530 .av-special-heading-tag{\nfont-size:0.8em;\n}\n}\n<\/style>\n<div  class='av-special-heading av-lvdwipg3-b0867f73257e296017ca84759d255530 av-special-heading-h1 custom-color-heading blockquote modern-quote modern-centered  avia-builder-el-4  el_before_av_hr  avia-builder-el-first  av-inherit-size'><h1 class='av-special-heading-tag '  itemprop=\"headline\"  >Nos tarifs<\/h1><div class=\"special-heading-border\"><div class=\"special-heading-inner-border\"><\/div><\/div><\/div><br \/>\n\n<style type=\"text\/css\" data-created_by=\"avia_inline_auto\" id=\"style-css-av-9jl3kf-df8837a32a7c943e26ea0ebc55888872\">\n#top .hr.hr-invisible.av-9jl3kf-df8837a32a7c943e26ea0ebc55888872{\nheight:40px;\n}\n<\/style>\n<div  class='hr av-9jl3kf-df8837a32a7c943e26ea0ebc55888872 hr-invisible  avia-builder-el-5  el_after_av_heading  el_before_av_button '><span class='hr-inner '><span class=\"hr-inner-style\"><\/span><\/span><\/div><br \/>\n<div  class='avia-button-wrap av-lwhti3pj-bb1ed6bdaf36dda0e64df33c61804e1a-wrap avia-button-center  avia-builder-el-6  el_after_av_hr  avia-builder-el-last '><a href='https:\/\/lusine.qweekle.com\/shop\/lusine?lang=fr'  class='avia-button av-lwhti3pj-bb1ed6bdaf36dda0e64df33c61804e1a av-link-btn avia-icon_select-yes-left-icon avia-size-large avia-position-center avia-color-theme-color'  target=\"_blank\"  rel=\"noopener noreferrer\"  aria-label=\"R\u00e9server en ligne\"><span class='avia_button_icon avia_button_icon_left avia-iconfont avia-font-entypo-fontello' data-av_icon='\ue881' data-av_iconfont='entypo-fontello' ><\/span><span class='avia_iconbox_title' >R\u00e9server en ligne<\/span><\/a><\/div><\/p><\/div><div  class='flex_column av-7y8uan-9b118f1d52a51a38c730ede8f76f3360 av_one_fifth  avia-builder-el-7  el_after_av_one_full  el_before_av_three_fifth  first flex_column_div  column-top-margin'     ><\/div><div  class='flex_column av-57fygf-a1f3b03555b6b9543a723e46e08880cd av_three_fifth  avia-builder-el-8  el_after_av_one_fifth  el_before_av_one_fifth  flex_column_div  column-top-margin'     ><p>\n<style type=\"text\/css\" data-created_by=\"avia_inline_auto\" id=\"style-css-av-lvdwtqwj-9239f0bf812cf7834ced3e130bce7ed0\">\n#top .av-special-heading.av-lvdwtqwj-9239f0bf812cf7834ced3e130bce7ed0{\npadding-bottom:10px;\n}\nbody .av-special-heading.av-lvdwtqwj-9239f0bf812cf7834ced3e130bce7ed0 .av-special-heading-tag .heading-char{\nfont-size:25px;\n}\n.av-special-heading.av-lvdwtqwj-9239f0bf812cf7834ced3e130bce7ed0 .av-subheading{\nfont-size:15px;\n}\n<\/style>\n<div  class='av-special-heading av-lvdwtqwj-9239f0bf812cf7834ced3e130bce7ed0 av-special-heading-h2 blockquote modern-quote modern-centered  avia-builder-el-9  el_before_av_catalogue  avia-builder-el-first '><h2 class='av-special-heading-tag '  itemprop=\"headline\"  >Adultes<\/h2><div class=\"special-heading-border\"><div class=\"special-heading-inner-border\"><\/div><\/div><\/div><br \/>\n<div  class='av-catalogue-container av-lvdwt68y-c511082a349a64fd6352c8fc711255e3  avia-builder-el-10  el_after_av_heading  el_before_av_heading '><ul class='av-catalogue-list'>\n<li><div class='av-catalogue-item av-lvdwrtv0-aca12617b3a4a7a89747fdf59bbb6439' ><div class=\"av-catalogue-item-inner\"><div class=\"av-catalogue-title-container\"><div class='av-catalogue-title'>Domaine Foncin<\/div><div class='av-catalogue-price'>12 \u20ac, -<\/div><\/div><div class=\"av-catalogue-content\"><\/div><\/div><\/div><\/li>\n<li><div class='av-catalogue-item av-lvdwssfg-5c14ab19371bbff3f32bde06ceed119a' ><div class=\"av-catalogue-item-inner\"><div class=\"av-catalogue-title-container\"><div class='av-catalogue-title'>Maison de la Nature avec atelier cr\u00e9atif<\/div><div class='av-catalogue-price'>11 \u20ac, -<\/div><\/div><div class=\"av-catalogue-content\"><\/div><\/div><\/div><\/li>\n<li><div class='av-catalogue-item av-lxx24x5s-00789ecaffef630b378194f0965b607a' ><div class=\"av-catalogue-item-inner\"><div class=\"av-catalogue-title-container\"><div class='av-catalogue-title'>Maison de la nature - Visite libre<\/div><div class='av-catalogue-price'>7\u20ac-.<\/div><\/div><div class=\"av-catalogue-content\"><\/div><\/div><\/div><\/li>\n<li><div class='av-catalogue-item av-lvdwt4iu-4eb2d80316504d6ccd47a4c53e56dc26' ><div class=\"av-catalogue-item-inner\"><div class=\"av-catalogue-title-container\"><div class='av-catalogue-title'>Billet combin\u00e9<\/div><div class='av-catalogue-price'>20 \u20ac, -<\/div><\/div><div class=\"av-catalogue-content\"><\/div><\/div><\/div><\/li>\n<\/ul><\/div><br \/>\n\n<style type=\"text\/css\" data-created_by=\"avia_inline_auto\" id=\"style-css-av-lvdwu7uq-a7f93eaef91f0829abea8331b95347ee\">\n#top .av-special-heading.av-lvdwu7uq-a7f93eaef91f0829abea8331b95347ee{\npadding-bottom:10px;\n}\nbody .av-special-heading.av-lvdwu7uq-a7f93eaef91f0829abea8331b95347ee .av-special-heading-tag .heading-char{\nfont-size:25px;\n}\n.av-special-heading.av-lvdwu7uq-a7f93eaef91f0829abea8331b95347ee .av-subheading{\nfont-size:15px;\n}\n<\/style>\n<div  class='av-special-heading av-lvdwu7uq-a7f93eaef91f0829abea8331b95347ee av-special-heading-h2 blockquote modern-quote modern-centered  avia-builder-el-11  el_after_av_catalogue  el_before_av_catalogue '><h2 class='av-special-heading-tag '  itemprop=\"headline\"  >Tarifs r\u00e9duits<\/h2><div class='av-subheading av-subheading_below'><p>Enfants 6-17 ans, \u00e9tudiants, demandeurs d\u2019emploi, personne en situation de handicap<\/p>\n<\/div><div class=\"special-heading-border\"><div class=\"special-heading-inner-border\"><\/div><\/div><\/div><br \/>\n<div  class='av-catalogue-container av-lvdwwcvu-9550555bc4356d0a8cbb6903341a1bbb  avia-builder-el-12  el_after_av_heading  el_before_av_heading '><ul class='av-catalogue-list'>\n<li><div class='av-catalogue-item av-lvdwvzzw-8c80ff85eb57a0eb849e2b606649a5c9' ><div class=\"av-catalogue-item-inner\"><div class=\"av-catalogue-title-container\"><div class='av-catalogue-title'>Domaine Foncin<\/div><div class='av-catalogue-price'>9 \u20ac, -<\/div><\/div><div class=\"av-catalogue-content\"><\/div><\/div><\/div><\/li>\n<li><div class='av-catalogue-item av-lvdww5nk-660f30ffb691f562ab19242ee56776b4' ><div class=\"av-catalogue-item-inner\"><div class=\"av-catalogue-title-container\"><div class='av-catalogue-title'>Maison de la Nature avec atelier cr\u00e9atif<\/div><div class='av-catalogue-price'>7 \u20ac, -<\/div><\/div><div class=\"av-catalogue-content\"><\/div><\/div><\/div><\/li>\n<li><div class='av-catalogue-item av-lxx27vp5-5ae5597f3fe6c59fdf95f2968ff72192' ><div class=\"av-catalogue-item-inner\"><div class=\"av-catalogue-title-container\"><div class='av-catalogue-title'>Maison de la nature - Visite libre<\/div><div class='av-catalogue-price'>5 \u20ac,-<\/div><\/div><div class=\"av-catalogue-content\"><\/div><\/div><\/div><\/li>\n<li><div class='av-catalogue-item av-lvdwwc05-12cdd36f9b33f14ce742102b3e1e9fd2' ><div class=\"av-catalogue-item-inner\"><div class=\"av-catalogue-title-container\"><div class='av-catalogue-title'>Billet combin\u00e9<\/div><div class='av-catalogue-price'>10 \u20ac, -<\/div><\/div><div class=\"av-catalogue-content\"><\/div><\/div><\/div><\/li>\n<\/ul><\/div><br \/>\n\n<style type=\"text\/css\" data-created_by=\"avia_inline_auto\" id=\"style-css-av-lvdwx51f-46eee34433b1e00c965a29113e0484ba\">\n#top .av-special-heading.av-lvdwx51f-46eee34433b1e00c965a29113e0484ba{\npadding-bottom:10px;\n}\nbody .av-special-heading.av-lvdwx51f-46eee34433b1e00c965a29113e0484ba .av-special-heading-tag .heading-char{\nfont-size:25px;\n}\n.av-special-heading.av-lvdwx51f-46eee34433b1e00c965a29113e0484ba .av-subheading{\nfont-size:15px;\n}\n<\/style>\n<div  class='av-special-heading av-lvdwx51f-46eee34433b1e00c965a29113e0484ba av-special-heading-h2 blockquote modern-quote modern-centered  avia-builder-el-13  el_after_av_catalogue  el_before_av_catalogue '><h2 class='av-special-heading-tag '  itemprop=\"headline\"  >Enfants<\/h2><div class=\"special-heading-border\"><div class=\"special-heading-inner-border\"><\/div><\/div><\/div><br \/>\n<div  class='av-catalogue-container av-lvdwzadd-7200f60195a963bb803c63b5a703d627  avia-builder-el-14  el_after_av_heading  el_before_av_heading '><ul class='av-catalogue-list'>\n<li><div class='av-catalogue-item av-lvdwz5cr-dbeb5dacc5d74ee2a614a5ad29b57f26' ><div class=\"av-catalogue-item-inner\"><div class=\"av-catalogue-title-container\"><div class='av-catalogue-title'>Moins de 6 ans<\/div><div class='av-catalogue-price'>Gratuit<\/div><\/div><div class=\"av-catalogue-content\"><\/div><\/div><\/div><\/li>\n<\/ul><\/div><br \/>\n\n<style type=\"text\/css\" data-created_by=\"avia_inline_auto\" id=\"style-css-av-lvdx0i4h-43e1817c04a83b22041c82ba9c892bb9\">\n#top .av-special-heading.av-lvdx0i4h-43e1817c04a83b22041c82ba9c892bb9{\npadding-bottom:10px;\n}\nbody .av-special-heading.av-lvdx0i4h-43e1817c04a83b22041c82ba9c892bb9 .av-special-heading-tag .heading-char{\nfont-size:25px;\n}\n.av-special-heading.av-lvdx0i4h-43e1817c04a83b22041c82ba9c892bb9 .av-subheading{\nfont-size:15px;\n}\n<\/style>\n<div  class='av-special-heading av-lvdx0i4h-43e1817c04a83b22041c82ba9c892bb9 av-special-heading-h2 blockquote modern-quote modern-centered  avia-builder-el-15  el_after_av_catalogue  el_before_av_catalogue '><h2 class='av-special-heading-tag '  itemprop=\"headline\"  >Familles<\/h2><div class='av-subheading av-subheading_below'><p>2 adultes, 2 enfants<\/p>\n<\/div><div class=\"special-heading-border\"><div class=\"special-heading-inner-border\"><\/div><\/div><\/div><br \/>\n<div  class='av-catalogue-container av-lvdx17t5-64f013811b0f5adf700f0eb186c236e2  avia-builder-el-16  el_after_av_heading  el_before_av_heading '><ul class='av-catalogue-list'>\n<li><div class='av-catalogue-item av-lvdx0trn-148d2ac5b3c0c4645a608e915c1c68df' ><div class=\"av-catalogue-item-inner\"><div class=\"av-catalogue-title-container\"><div class='av-catalogue-title'>Domaine Foncin<\/div><div class='av-catalogue-price'>39 \u20ac, -<\/div><\/div><div class=\"av-catalogue-content\"><\/div><\/div><\/div><\/li>\n<li><div class='av-catalogue-item av-lvdx0zg5-0bcf590e28d90e270ee7d277ad61e825' ><div class=\"av-catalogue-item-inner\"><div class=\"av-catalogue-title-container\"><div class='av-catalogue-title'>Maison de la Nature avec atelier cr\u00e9atif<\/div><div class='av-catalogue-price'>34 \u20ac, -<\/div><\/div><div class=\"av-catalogue-content\"><\/div><\/div><\/div><\/li>\n<li><div class='av-catalogue-item av-lxx2ast3-cbb694279c2bf51e50e813e38a690e83' ><div class=\"av-catalogue-item-inner\"><div class=\"av-catalogue-title-container\"><div class='av-catalogue-title'>Maison de la nature - Visite libre<\/div><div class='av-catalogue-price'>22 \u20ac,-<\/div><\/div><div class=\"av-catalogue-content\"><\/div><\/div><\/div><\/li>\n<li><div class='av-catalogue-item av-lvdx16ql-911fb0ab62621def38977c397fea9356' ><div class=\"av-catalogue-item-inner\"><div class=\"av-catalogue-title-container\"><div class='av-catalogue-title'>Billet combin\u00e9<\/div><div class='av-catalogue-price'>58 \u20ac, -<\/div><\/div><div class=\"av-catalogue-content\"><\/div><\/div><\/div><\/li>\n<\/ul><\/div><br \/>\n\n<style type=\"text\/css\" data-created_by=\"avia_inline_auto\" id=\"style-css-av-lvdx1xvl-d399cf1810b8a3dd3862bd5ba1600b1d\">\n#top .av-special-heading.av-lvdx1xvl-d399cf1810b8a3dd3862bd5ba1600b1d{\npadding-bottom:10px;\n}\nbody .av-special-heading.av-lvdx1xvl-d399cf1810b8a3dd3862bd5ba1600b1d .av-special-heading-tag .heading-char{\nfont-size:25px;\n}\n.av-special-heading.av-lvdx1xvl-d399cf1810b8a3dd3862bd5ba1600b1d .av-subheading{\nfont-size:15px;\n}\n<\/style>\n<div  class='av-special-heading av-lvdx1xvl-d399cf1810b8a3dd3862bd5ba1600b1d av-special-heading-h2 blockquote modern-quote modern-centered  avia-builder-el-17  el_after_av_catalogue  el_before_av_catalogue '><h2 class='av-special-heading-tag '  itemprop=\"headline\"  >Activit\u00e9s<\/h2><div class=\"special-heading-border\"><div class=\"special-heading-inner-border\"><\/div><\/div><\/div><br \/>\n<div  class='av-catalogue-container av-soxpr-743b10be7a61f23cd8a913352e582d4c  avia-builder-el-18  el_after_av_heading  avia-builder-el-last '><ul class='av-catalogue-list'>\n<li><div class='av-catalogue-item av-5ddncv-5fef94e59482a3cd939eadc381c97c7e' ><div class=\"av-catalogue-item-inner\"><div class=\"av-catalogue-title-container\"><div class='av-catalogue-title'>Randonn\u00e9es guid\u00e9es, matin\u00e9es bien-\u00eatre selon programmation<\/div><div class='av-catalogue-price'><\/div><\/div><div class=\"av-catalogue-content\"><\/div><\/div><\/div><\/li>\n<li><div class='av-catalogue-item av-2f2x0f-fec0b31076e0b46c934fabf3dad4df40' ><div class=\"av-catalogue-item-inner\"><div class=\"av-catalogue-title-container\"><div class='av-catalogue-title'>Conf\u00e9rence soir\u00e9e cocktail<\/div><div class='av-catalogue-price'>30 \u20ac, -<\/div><\/div><div class=\"av-catalogue-content\"><\/div><\/div><\/div><\/li>\n<li><div class='av-catalogue-item av-lvdx5p6a-d92ca0c7ecd2a9cd6f4389803d218e18' ><div class=\"av-catalogue-item-inner\"><div class=\"av-catalogue-title-container\"><div class='av-catalogue-title'>Concert<\/div><div class='av-catalogue-price'>20 \u20ac, -<\/div><\/div><div class=\"av-catalogue-content\"><\/div><\/div><\/div><\/li>\n<li><div class='av-catalogue-item av-lvdx6mz6-49dc32381be7c3c8d44c9b9d55a20a89' ><div class=\"av-catalogue-item-inner\"><div class=\"av-catalogue-title-container\"><div class='av-catalogue-title'>Concert soir\u00e9e cocktail<\/div><div class='av-catalogue-price'>35 \u20ac, -<\/div><\/div><div class=\"av-catalogue-content\"><\/div><\/div><\/div><\/li>\n<li><div class='av-catalogue-item av-lvdx884x-721defb43924c0584a0334abf75f3405' ><div class=\"av-catalogue-item-inner\"><div class=\"av-catalogue-title-container\"><div class='av-catalogue-title'>Privatisation<\/div><div class='av-catalogue-price'>Sur devis<\/div><\/div><div class=\"av-catalogue-content\"><\/div><\/div><\/div><\/li>\n<\/ul><\/div><\/p><\/div><div  class='flex_column av-3ohflr-704ab9e7518381fd2df8fb0a3921c575 av_one_fifth  avia-builder-el-19  el_after_av_three_fifth  el_before_av_hr  flex_column_div  column-top-margin'     ><\/div>\n<style type=\"text\/css\" data-created_by=\"avia_inline_auto\" id=\"style-css-av-2t6w1r-5b2ff9859295d962fc37be1ff0926232\">\n#top .hr.hr-invisible.av-2t6w1r-5b2ff9859295d962fc37be1ff0926232{\nheight:60px;\n}\n<\/style>\n<div  class='hr av-2t6w1r-5b2ff9859295d962fc37be1ff0926232 hr-invisible  avia-builder-el-20  el_after_av_one_fifth  avia-builder-el-last '><span class='hr-inner '><span class=\"hr-inner-style\"><\/span><\/span><\/div>\n<\/div><\/div><\/main><!-- close content main element --><\/div><\/div><div id='after_section_1'  class='main_color av_default_container_wrap container_wrap sidebar_right'  ><div class='container av-section-cont-open' ><div class='template-page content  av-content-small alpha units'><div class='post-entry post-entry-type-page post-entry-2687'><div class='entry-content-wrapper clearfix'>\n","protected":false},"excerpt":{"rendered":"","protected":false},"author":1,"featured_media":0,"parent":849,"menu_order":0,"comment_status":"closed","ping_status":"closed","template":"","meta":{"footnotes":""},"class_list":["post-2687","page","type-page","status-publish","hentry"],"_links":{"self":[{"href":"https:\/\/lusine.org\/index.php\/wp-json\/wp\/v2\/pages\/2687","targetHints":{"allow":["GET"]}}],"collection":[{"href":"https:\/\/lusine.org\/index.php\/wp-json\/wp\/v2\/pages"}],"about":[{"href":"https:\/\/lusine.org\/index.php\/wp-json\/wp\/v2\/types\/page"}],"author":[{"embeddable":true,"href":"https:\/\/lusine.org\/index.php\/wp-json\/wp\/v2\/users\/1"}],"replies":[{"embeddable":true,"href":"https:\/\/lusine.org\/index.php\/wp-json\/wp\/v2\/comments?post=2687"}],"version-history":[{"count":25,"href":"https:\/\/lusine.org\/index.php\/wp-json\/wp\/v2\/pages\/2687\/revisions"}],"predecessor-version":[{"id":4531,"href":"https:\/\/lusine.org\/index.php\/wp-json\/wp\/v2\/pages\/2687\/revisions\/4531"}],"up":[{"embeddable":true,"href":"https:\/\/lusine.org\/index.php\/wp-json\/wp\/v2\/pages\/849"}],"wp:attachment":[{"href":"https:\/\/lusine.org\/index.php\/wp-json\/wp\/v2\/media?parent=2687"}],"curies":[{"name":"wp","href":"https:\/\/api.w.org\/{rel}","templated":true}]}}